{"id":1124,"date":"2016-12-13T09:45:03","date_gmt":"2016-12-13T09:45:03","guid":{"rendered":"http:\/\/www.felmis.ch\/de\/?page_id=1124"},"modified":"2024-03-13T14:28:14","modified_gmt":"2024-03-13T14:28:14","slug":"oeffnungszeiten","status":"publish","type":"page","link":"https:\/\/www.felmis.ch\/de\/oeffnungszeiten\/","title":{"rendered":"\u00d6ffnungszeiten"},"content":{"rendered":"<h2><\/h2>\n<h2><strong>Unsere aktuellen \u00d6ffnungszeiten<\/strong><\/h2>\n<p>&nbsp;<\/p>\n<p><strong>Unser Restaurant ist wie folgt ge\u00f6ffnet:<\/strong><\/p>\n<p><strong>Dienstag bis Donnerstag<br \/>\n11.00 &#8211; 14.00<br \/>\n<\/strong><strong>17.30 &#8211; 22.00<\/strong><\/p>\n<p><strong>Freitag<br \/>\n11.00 &#8211; 14.00<br \/>\n17.30 &#8211; 23.00<\/strong><\/p>\n<p><strong>Samstag<br \/>\n11.00 &#8211; 23.00<\/strong><\/p>\n<p><strong><br \/>\nwarme K\u00fcche bis 20.30 h<br \/>\n<\/strong>(an ge\u00f6ffneten Sonntagen bis 19.30h)<\/p>\n<p><strong>Sonntag und Montag <\/strong><strong>Ruhetag<br \/>\n(Ausnahmen: Sonntag offen ab Fasnachtssonntag bis Palmsonntag,<br \/>\n<\/strong><strong>jeweils 11.30 h bis 21.00 h, K\u00fcche bis 19.30 h, sowie am Muttertag Mittag offen<\/strong><strong>)<\/strong><\/p>\n<p>W\u00e4hrend Weihnachten und Neujahr ist das Restaurant jeweils geschlossen.<\/p>\n<p>&nbsp;<\/p>\n<p>&nbsp;<\/p>\n<p>&nbsp;<\/p>\n<p>&nbsp;<\/p>\n<p><a href=\"https:\/\/www.felmis.ch\/de\/wp-content\/uploads\/restaurant.jpg\" data-rel=\"lightbox-image-0\" data-rl_title=\"\" data-rl_caption=\"\" title=\"\"><img decoding=\"async\" class=\"alignnone size-thumbnail wp-image-165\" src=\"https:\/\/www.felmis.ch\/de\/wp-content\/uploads\/restaurant-150x150.jpg\" alt=\"Restaurant Hotel Restaurant Felmis Horw bei Luzern\" width=\"150\" height=\"150\" \/>\u00a0\u00a0\u00a0 <\/a><a href=\"https:\/\/www.felmis.ch\/de\/wp-content\/uploads\/Terrasse.jpg\" data-rel=\"lightbox-image-1\" data-rl_title=\"\" data-rl_caption=\"\" title=\"\"><img decoding=\"async\" class=\"alignnone wp-image-1039 size-thumbnail\" src=\"https:\/\/www.felmis.ch\/de\/wp-content\/uploads\/Terrasse-150x150.jpg\" alt=\"Terrasse\" width=\"150\" height=\"150\" srcset=\"https:\/\/www.felmis.ch\/de\/wp-content\/uploads\/Terrasse-150x150.jpg 150w, https:\/\/www.felmis.ch\/de\/wp-content\/uploads\/Terrasse-300x300.jpg 300w\" sizes=\"(max-width: 150px) 100vw, 150px\" \/>\u00a0\u00a0\u00a0 <\/a><a href=\"https:\/\/www.felmis.ch\/de\/wp-content\/uploads\/Non-Smoking.jpg\" data-rel=\"lightbox-image-2\" data-rl_title=\"\" data-rl_caption=\"\" title=\"\"><img decoding=\"async\" class=\"alignnone wp-image-900 size-thumbnail\" src=\"https:\/\/www.felmis.ch\/de\/wp-content\/uploads\/Non-Smoking-150x150.jpg\" alt=\"Non Smoking Hotel Felmis Luzern\" width=\"150\" height=\"150\" srcset=\"https:\/\/www.felmis.ch\/de\/wp-content\/uploads\/Non-Smoking-150x150.jpg 150w, https:\/\/www.felmis.ch\/de\/wp-content\/uploads\/Non-Smoking-300x300.jpg 300w, https:\/\/www.felmis.ch\/de\/wp-content\/uploads\/Non-Smoking-1024x1024.jpg 1024w, https:\/\/www.felmis.ch\/de\/wp-content\/uploads\/Non-Smoking-500x500.jpg 500w, https:\/\/www.felmis.ch\/de\/wp-content\/uploads\/Non-Smoking-144x144.jpg 144w, https:\/\/www.felmis.ch\/de\/wp-content\/uploads\/Non-Smoking-732x732.jpg 732w, https:\/\/www.felmis.ch\/de\/wp-content\/uploads\/Non-Smoking-1140x1140.jpg 1140w, https:\/\/www.felmis.ch\/de\/wp-content\/uploads\/Non-Smoking-900x900.jpg 900w\" sizes=\"(max-width: 150px) 100vw, 150px\" \/>\u00a0\u00a0\u00a0 <\/a><a href=\"https:\/\/www.felmis.ch\/de\/wp-content\/uploads\/Fleisch-Homepage.jpg\" data-rel=\"lightbox-image-3\" data-rl_title=\"\" data-rl_caption=\"\" title=\"\"><img loading=\"lazy\" decoding=\"async\" class=\"alignnone wp-image-1121 size-thumbnail\" src=\"https:\/\/www.felmis.ch\/de\/wp-content\/uploads\/Fleisch-Homepage-150x150.jpg\" alt=\"fleisch-homepage\" width=\"150\" height=\"150\" srcset=\"https:\/\/www.felmis.ch\/de\/wp-content\/uploads\/Fleisch-Homepage-150x150.jpg 150w, https:\/\/www.felmis.ch\/de\/wp-content\/uploads\/Fleisch-Homepage-300x300.jpg 300w\" sizes=\"(max-width: 150px) 100vw, 150px\" \/>\u00a0\u00a0\u00a0 <\/a><a href=\"https:\/\/www.felmis.ch\/de\/wp-content\/uploads\/flaschen.jpg\" data-rel=\"lightbox-image-4\" data-rl_title=\"\" data-rl_caption=\"\" title=\"\"><img loading=\"lazy\" decoding=\"async\" class=\"alignnone size-thumbnail wp-image-353\" src=\"https:\/\/www.felmis.ch\/de\/wp-content\/uploads\/flaschen-150x150.jpg\" alt=\"Essen 3 Hotel Restaurant Felmis Horw bei Luzern\" width=\"150\" height=\"150\" \/><\/a><\/p>\n<p>&nbsp;<\/p>\n<p>&nbsp;<\/p>\n<p>&nbsp;<\/p>\n","protected":false},"excerpt":{"rendered":"<p>Unsere aktuellen \u00d6ffnungszeiten &nbsp; Unser Restaurant ist wie folgt ge\u00f6ffnet: Dienstag bis Donnerstag 11.00 &#8211; 14.00 17.30 &#8211; 22.00 Freitag 11.00 &#8211; [&hellip;]<\/p>\n","protected":false},"author":1,"featured_media":0,"parent":0,"menu_order":0,"comment_status":"closed","ping_status":"closed","template":"","meta":{"footnotes":""},"class_list":["post-1124","page","type-page","status-publish","hentry"],"yoast_head":"<!-- This site is optimized with the Yoast SEO plugin v27.3 - https:\/\/yoast.com\/product\/yoast-seo-wordpress\/ -->\n<title>\u00d6ffnungszeiten Hotel Felmis<\/title>\n<meta name=\"description\" content=\"\u00d6ffnungszeiten vom Hotel Felmis in Horw bei Luzern mit grosser Sonnenterrasse, geeignet f\u00fcr Vereins-, Firmen- und Familienanl\u00e4sse.\" \/>\n<meta name=\"robots\" content=\"index, follow, max-snippet:-1, max-image-preview:large, max-video-preview:-1\" \/>\n<link rel=\"canonical\" href=\"https:\/\/www.felmis.ch\/de\/oeffnungszeiten\/\" \/>\n<meta property=\"og:locale\" content=\"de_DE\" \/>\n<meta property=\"og:type\" content=\"article\" \/>\n<meta property=\"og:title\" content=\"\u00d6ffnungszeiten Hotel Felmis\" \/>\n<meta property=\"og:description\" content=\"\u00d6ffnungszeiten vom Hotel Felmis in Horw bei Luzern mit grosser Sonnenterrasse, geeignet f\u00fcr Vereins-, Firmen- und Familienanl\u00e4sse.\" \/>\n<meta property=\"og:url\" content=\"https:\/\/www.felmis.ch\/de\/oeffnungszeiten\/\" \/>\n<meta property=\"og:site_name\" content=\"Hotel Felmis\" \/>\n<meta property=\"article:publisher\" content=\"http:\/\/www.facebook.com\/hotel.felmis\" \/>\n<meta property=\"article:modified_time\" content=\"2024-03-13T14:28:14+00:00\" \/>\n<meta property=\"og:image\" content=\"https:\/\/www.felmis.ch\/de\/wp-content\/uploads\/restaurant-150x150.jpg\" \/>\n<meta name=\"twitter:card\" content=\"summary_large_image\" \/>\n<meta name=\"twitter:label1\" content=\"Gesch\u00e4tzte Lesezeit\" \/>\n\t<meta name=\"twitter:data1\" content=\"2\u00a0Minuten\" \/>\n<script type=\"application\/ld+json\" class=\"yoast-schema-graph\">{\"@context\":\"https:\\\/\\\/schema.org\",\"@graph\":[{\"@type\":\"WebPage\",\"@id\":\"https:\\\/\\\/www.felmis.ch\\\/de\\\/oeffnungszeiten\\\/\",\"url\":\"https:\\\/\\\/www.felmis.ch\\\/de\\\/oeffnungszeiten\\\/\",\"name\":\"\u00d6ffnungszeiten Hotel Felmis\",\"isPartOf\":{\"@id\":\"https:\\\/\\\/www.felmis.ch\\\/de\\\/#website\"},\"primaryImageOfPage\":{\"@id\":\"https:\\\/\\\/www.felmis.ch\\\/de\\\/oeffnungszeiten\\\/#primaryimage\"},\"image\":{\"@id\":\"https:\\\/\\\/www.felmis.ch\\\/de\\\/oeffnungszeiten\\\/#primaryimage\"},\"thumbnailUrl\":\"https:\\\/\\\/www.felmis.ch\\\/de\\\/wp-content\\\/uploads\\\/restaurant-150x150.jpg\",\"datePublished\":\"2016-12-13T09:45:03+00:00\",\"dateModified\":\"2024-03-13T14:28:14+00:00\",\"description\":\"\u00d6ffnungszeiten vom Hotel Felmis in Horw bei Luzern mit grosser Sonnenterrasse, geeignet f\u00fcr Vereins-, Firmen- und Familienanl\u00e4sse.\",\"breadcrumb\":{\"@id\":\"https:\\\/\\\/www.felmis.ch\\\/de\\\/oeffnungszeiten\\\/#breadcrumb\"},\"inLanguage\":\"de\",\"potentialAction\":[{\"@type\":\"ReadAction\",\"target\":[\"https:\\\/\\\/www.felmis.ch\\\/de\\\/oeffnungszeiten\\\/\"]}]},{\"@type\":\"ImageObject\",\"inLanguage\":\"de\",\"@id\":\"https:\\\/\\\/www.felmis.ch\\\/de\\\/oeffnungszeiten\\\/#primaryimage\",\"url\":\"https:\\\/\\\/www.felmis.ch\\\/de\\\/wp-content\\\/uploads\\\/restaurant.jpg\",\"contentUrl\":\"https:\\\/\\\/www.felmis.ch\\\/de\\\/wp-content\\\/uploads\\\/restaurant.jpg\",\"width\":\"220\",\"height\":\"534\"},{\"@type\":\"BreadcrumbList\",\"@id\":\"https:\\\/\\\/www.felmis.ch\\\/de\\\/oeffnungszeiten\\\/#breadcrumb\",\"itemListElement\":[{\"@type\":\"ListItem\",\"position\":1,\"name\":\"Home\",\"item\":\"https:\\\/\\\/www.felmis.ch\\\/de\\\/\"},{\"@type\":\"ListItem\",\"position\":2,\"name\":\"\u00d6ffnungszeiten\"}]},{\"@type\":\"WebSite\",\"@id\":\"https:\\\/\\\/www.felmis.ch\\\/de\\\/#website\",\"url\":\"https:\\\/\\\/www.felmis.ch\\\/de\\\/\",\"name\":\"Hotel Felmis\",\"description\":\"Willkommen im Hotel Felmis\",\"potentialAction\":[{\"@type\":\"SearchAction\",\"target\":{\"@type\":\"EntryPoint\",\"urlTemplate\":\"https:\\\/\\\/www.felmis.ch\\\/de\\\/?s={search_term_string}\"},\"query-input\":{\"@type\":\"PropertyValueSpecification\",\"valueRequired\":true,\"valueName\":\"search_term_string\"}}],\"inLanguage\":\"de\"}]}<\/script>\n<!-- \/ Yoast SEO plugin. -->","yoast_head_json":{"title":"\u00d6ffnungszeiten Hotel Felmis","description":"\u00d6ffnungszeiten vom Hotel Felmis in Horw bei Luzern mit grosser Sonnenterrasse, geeignet f\u00fcr Vereins-, Firmen- und Familienanl\u00e4sse.","robots":{"index":"index","follow":"follow","max-snippet":"max-snippet:-1","max-image-preview":"max-image-preview:large","max-video-preview":"max-video-preview:-1"},"canonical":"https:\/\/www.felmis.ch\/de\/oeffnungszeiten\/","og_locale":"de_DE","og_type":"article","og_title":"\u00d6ffnungszeiten Hotel Felmis","og_description":"\u00d6ffnungszeiten vom Hotel Felmis in Horw bei Luzern mit grosser Sonnenterrasse, geeignet f\u00fcr Vereins-, Firmen- und Familienanl\u00e4sse.","og_url":"https:\/\/www.felmis.ch\/de\/oeffnungszeiten\/","og_site_name":"Hotel Felmis","article_publisher":"http:\/\/www.facebook.com\/hotel.felmis","article_modified_time":"2024-03-13T14:28:14+00:00","og_image":[{"url":"https:\/\/www.felmis.ch\/de\/wp-content\/uploads\/restaurant-150x150.jpg","type":"","width":"","height":""}],"twitter_card":"summary_large_image","twitter_misc":{"Gesch\u00e4tzte Lesezeit":"2\u00a0Minuten"},"schema":{"@context":"https:\/\/schema.org","@graph":[{"@type":"WebPage","@id":"https:\/\/www.felmis.ch\/de\/oeffnungszeiten\/","url":"https:\/\/www.felmis.ch\/de\/oeffnungszeiten\/","name":"\u00d6ffnungszeiten Hotel Felmis","isPartOf":{"@id":"https:\/\/www.felmis.ch\/de\/#website"},"primaryImageOfPage":{"@id":"https:\/\/www.felmis.ch\/de\/oeffnungszeiten\/#primaryimage"},"image":{"@id":"https:\/\/www.felmis.ch\/de\/oeffnungszeiten\/#primaryimage"},"thumbnailUrl":"https:\/\/www.felmis.ch\/de\/wp-content\/uploads\/restaurant-150x150.jpg","datePublished":"2016-12-13T09:45:03+00:00","dateModified":"2024-03-13T14:28:14+00:00","description":"\u00d6ffnungszeiten vom Hotel Felmis in Horw bei Luzern mit grosser Sonnenterrasse, geeignet f\u00fcr Vereins-, Firmen- und Familienanl\u00e4sse.","breadcrumb":{"@id":"https:\/\/www.felmis.ch\/de\/oeffnungszeiten\/#breadcrumb"},"inLanguage":"de","potentialAction":[{"@type":"ReadAction","target":["https:\/\/www.felmis.ch\/de\/oeffnungszeiten\/"]}]},{"@type":"ImageObject","inLanguage":"de","@id":"https:\/\/www.felmis.ch\/de\/oeffnungszeiten\/#primaryimage","url":"https:\/\/www.felmis.ch\/de\/wp-content\/uploads\/restaurant.jpg","contentUrl":"https:\/\/www.felmis.ch\/de\/wp-content\/uploads\/restaurant.jpg","width":"220","height":"534"},{"@type":"BreadcrumbList","@id":"https:\/\/www.felmis.ch\/de\/oeffnungszeiten\/#breadcrumb","itemListElement":[{"@type":"ListItem","position":1,"name":"Home","item":"https:\/\/www.felmis.ch\/de\/"},{"@type":"ListItem","position":2,"name":"\u00d6ffnungszeiten"}]},{"@type":"WebSite","@id":"https:\/\/www.felmis.ch\/de\/#website","url":"https:\/\/www.felmis.ch\/de\/","name":"Hotel Felmis","description":"Willkommen im Hotel Felmis","potentialAction":[{"@type":"SearchAction","target":{"@type":"EntryPoint","urlTemplate":"https:\/\/www.felmis.ch\/de\/?s={search_term_string}"},"query-input":{"@type":"PropertyValueSpecification","valueRequired":true,"valueName":"search_term_string"}}],"inLanguage":"de"}]}},"_links":{"self":[{"href":"https:\/\/www.felmis.ch\/de\/wp-json\/wp\/v2\/pages\/1124","targetHints":{"allow":["GET"]}}],"collection":[{"href":"https:\/\/www.felmis.ch\/de\/wp-json\/wp\/v2\/pages"}],"about":[{"href":"https:\/\/www.felmis.ch\/de\/wp-json\/wp\/v2\/types\/page"}],"author":[{"embeddable":true,"href":"https:\/\/www.felmis.ch\/de\/wp-json\/wp\/v2\/users\/1"}],"replies":[{"embeddable":true,"href":"https:\/\/www.felmis.ch\/de\/wp-json\/wp\/v2\/comments?post=1124"}],"version-history":[{"count":0,"href":"https:\/\/www.felmis.ch\/de\/wp-json\/wp\/v2\/pages\/1124\/revisions"}],"wp:attachment":[{"href":"https:\/\/www.felmis.ch\/de\/wp-json\/wp\/v2\/media?parent=1124"}],"curies":[{"name":"wp","href":"https:\/\/api.w.org\/{rel}","templated":true}]}}

Öffnungszeiten

<h2></h2>
<h2><strong>Unsere aktuellen Öffnungszeiten</strong></h2>
<p>&nbsp;</p>
<p><strong>Unser Restaurant ist wie folgt geöffnet:</strong></p>
<p><strong>Dienstag bis Donnerstag<br />
11.00 &#8211; 14.00<br />
</strong><strong>17.30 &#8211; 22.00</strong></p>
<p><strong>Freitag<br />
11.00 &#8211; 14.00<br />
17.30 &#8211; 23.00</strong></p>
<p><strong>Samstag<br />
11.00 &#8211; 23.00</strong></p>
<p><strong><br />
warme Küche bis 20.30 h<br />
</strong>(an geöffneten Sonntagen bis 19.30h)</p>
<p><strong>Sonntag und Montag </strong><strong>Ruhetag<br />
(Ausnahmen: Sonntag offen ab Fasnachtssonntag bis Palmsonntag,<br />
</strong><strong>jeweils 11.30 h bis 21.00 h, Küche bis 19.30 h, sowie am Muttertag Mittag offen</strong><strong>)</strong></p>
<p>Während Weihnachten und Neujahr ist das Restaurant jeweils geschlossen.</p>
<p>&nbsp;</p>
<p>&nbsp;</p>
<p>&nbsp;</p>
<p>&nbsp;</p>
<p><a href="https://www.felmis.ch/de/wp-content/uploads/restaurant.jpg" data-rel="lightbox-image-0" data-rl_title="" data-rl_caption="" title=""><img decoding="async" class="alignnone size-thumbnail wp-image-165" src="https://www.felmis.ch/de/wp-content/uploads/restaurant-150x150.jpg" alt="Restaurant Hotel Restaurant Felmis Horw bei Luzern" width="150" height="150" />    </a><a href="https://www.felmis.ch/de/wp-content/uploads/Terrasse.jpg" data-rel="lightbox-image-1" data-rl_title="" data-rl_caption="" title=""><img decoding="async" class="alignnone wp-image-1039 size-thumbnail" src="https://www.felmis.ch/de/wp-content/uploads/Terrasse-150x150.jpg" alt="Terrasse" width="150" height="150" srcset="https://www.felmis.ch/de/wp-content/uploads/Terrasse-150x150.jpg 150w, https://www.felmis.ch/de/wp-content/uploads/Terrasse-300x300.jpg 300w" sizes="(max-width: 150px) 100vw, 150px" />    </a><a href="https://www.felmis.ch/de/wp-content/uploads/Non-Smoking.jpg" data-rel="lightbox-image-2" data-rl_title="" data-rl_caption="" title=""><img decoding="async" class="alignnone wp-image-900 size-thumbnail" src="https://www.felmis.ch/de/wp-content/uploads/Non-Smoking-150x150.jpg" alt="Non Smoking Hotel Felmis Luzern" width="150" height="150" srcset="https://www.felmis.ch/de/wp-content/uploads/Non-Smoking-150x150.jpg 150w, https://www.felmis.ch/de/wp-content/uploads/Non-Smoking-300x300.jpg 300w, https://www.felmis.ch/de/wp-content/uploads/Non-Smoking-1024x1024.jpg 1024w, https://www.felmis.ch/de/wp-content/uploads/Non-Smoking-500x500.jpg 500w, https://www.felmis.ch/de/wp-content/uploads/Non-Smoking-144x144.jpg 144w, https://www.felmis.ch/de/wp-content/uploads/Non-Smoking-732x732.jpg 732w, https://www.felmis.ch/de/wp-content/uploads/Non-Smoking-1140x1140.jpg 1140w, https://www.felmis.ch/de/wp-content/uploads/Non-Smoking-900x900.jpg 900w" sizes="(max-width: 150px) 100vw, 150px" />    </a><a href="https://www.felmis.ch/de/wp-content/uploads/Fleisch-Homepage.jpg" data-rel="lightbox-image-3" data-rl_title="" data-rl_caption="" title=""><img loading="lazy" decoding="async" class="alignnone wp-image-1121 size-thumbnail" src="https://www.felmis.ch/de/wp-content/uploads/Fleisch-Homepage-150x150.jpg" alt="fleisch-homepage" width="150" height="150" srcset="https://www.felmis.ch/de/wp-content/uploads/Fleisch-Homepage-150x150.jpg 150w, https://www.felmis.ch/de/wp-content/uploads/Fleisch-Homepage-300x300.jpg 300w" sizes="(max-width: 150px) 100vw, 150px" />    </a><a href="https://www.felmis.ch/de/wp-content/uploads/flaschen.jpg" data-rel="lightbox-image-4" data-rl_title="" data-rl_caption="" title=""><img loading="lazy" decoding="async" class="alignnone size-thumbnail wp-image-353" src="https://www.felmis.ch/de/wp-content/uploads/flaschen-150x150.jpg" alt="Essen 3 Hotel Restaurant Felmis Horw bei Luzern" width="150" height="150" /></a></p>
<p>&nbsp;</p>
<p>&nbsp;</p>
<p>&nbsp;</p>

<p>Unsere aktuellen Öffnungszeiten &nbsp; Unser Restaurant ist wie folgt geöffnet: Dienstag bis Donnerstag 11.00 &#8211; 14.00 17.30 &#8211; 22.00 Freitag 11.00 &#8211; [&hellip;]</p>

<!-- This site is optimized with the Yoast SEO plugin v27.3 - https://yoast.com/product/yoast-seo-wordpress/ -->
<title>Öffnungszeiten Hotel Felmis</title>
<meta name="description" content="Öffnungszeiten vom Hotel Felmis in Horw bei Luzern mit grosser Sonnenterrasse, geeignet für Vereins-, Firmen- und Familienanlässe." />
<meta name="robots" content="index, follow, max-snippet:-1, max-image-preview:large, max-video-preview:-1" />
<link rel="canonical" href="https://www.felmis.ch/de/oeffnungszeiten/" />
<meta property="og:locale" content="de_DE" />
<meta property="og:type" content="article" />
<meta property="og:title" content="Öffnungszeiten Hotel Felmis" />
<meta property="og:description" content="Öffnungszeiten vom Hotel Felmis in Horw bei Luzern mit grosser Sonnenterrasse, geeignet für Vereins-, Firmen- und Familienanlässe." />
<meta property="og:url" content="https://www.felmis.ch/de/oeffnungszeiten/" />
<meta property="og:site_name" content="Hotel Felmis" />
<meta property="article:publisher" content="http://www.facebook.com/hotel.felmis" />
<meta property="article:modified_time" content="2024-03-13T14:28:14+00:00" />
<meta property="og:image" content="https://www.felmis.ch/de/wp-content/uploads/restaurant-150x150.jpg" />
<meta name="twitter:card" content="summary_large_image" />
<meta name="twitter:label1" content="Geschätzte Lesezeit" />
	<meta name="twitter:data1" content="2 Minuten" />
<script type="application/ld+json" class="yoast-schema-graph">{"@context":"https:\/\/schema.org","@graph":[{"@type":"WebPage","@id":"https:\/\/www.felmis.ch\/de\/oeffnungszeiten\/","url":"https:\/\/www.felmis.ch\/de\/oeffnungszeiten\/","name":"Öffnungszeiten Hotel Felmis","isPartOf":{"@id":"https:\/\/www.felmis.ch\/de\/#website"},"primaryImageOfPage":{"@id":"https:\/\/www.felmis.ch\/de\/oeffnungszeiten\/#primaryimage"},"image":{"@id":"https:\/\/www.felmis.ch\/de\/oeffnungszeiten\/#primaryimage"},"thumbnailUrl":"https:\/\/www.felmis.ch\/de\/wp-content\/uploads\/restaurant-150x150.jpg","datePublished":"2016-12-13T09:45:03+00:00","dateModified":"2024-03-13T14:28:14+00:00","description":"Öffnungszeiten vom Hotel Felmis in Horw bei Luzern mit grosser Sonnenterrasse, geeignet für Vereins-, Firmen- und Familienanlässe.","breadcrumb":{"@id":"https:\/\/www.felmis.ch\/de\/oeffnungszeiten\/#breadcrumb"},"inLanguage":"de","potentialAction":[{"@type":"ReadAction","target":["https:\/\/www.felmis.ch\/de\/oeffnungszeiten\/"]}]},{"@type":"ImageObject","inLanguage":"de","@id":"https:\/\/www.felmis.ch\/de\/oeffnungszeiten\/#primaryimage","url":"https:\/\/www.felmis.ch\/de\/wp-content\/uploads\/restaurant.jpg","contentUrl":"https:\/\/www.felmis.ch\/de\/wp-content\/uploads\/restaurant.jpg","width":"220","height":"534"},{"@type":"BreadcrumbList","@id":"https:\/\/www.felmis.ch\/de\/oeffnungszeiten\/#breadcrumb","itemListElement":[{"@type":"ListItem","position":1,"name":"Home","item":"https:\/\/www.felmis.ch\/de\/"},{"@type":"ListItem","position":2,"name":"Öffnungszeiten"}]},{"@type":"WebSite","@id":"https:\/\/www.felmis.ch\/de\/#website","url":"https:\/\/www.felmis.ch\/de\/","name":"Hotel Felmis","description":"Willkommen im Hotel Felmis","potentialAction":[{"@type":"SearchAction","target":{"@type":"EntryPoint","urlTemplate":"https:\/\/www.felmis.ch\/de\/?s={search_term_string}"},"query-input":{"@type":"PropertyValueSpecification","valueRequired":true,"valueName":"search_term_string"}}],"inLanguage":"de"}]}</script>
<!-- / Yoast SEO plugin. -->

Öffnungszeiten Hotel Felmis

Öffnungszeiten vom Hotel Felmis in Horw bei Luzern mit grosser Sonnenterrasse, geeignet für Vereins-, Firmen- und Familienanlässe.
