{"id":1158,"date":"2017-04-15T16:42:59","date_gmt":"2017-04-15T16:42:59","guid":{"rendered":"http:\/\/www.felmis.ch\/de\/?page_id=1158"},"modified":"2025-09-11T02:46:19","modified_gmt":"2025-09-11T02:46:19","slug":"elektroladestation-in-horw-bei-luzern","status":"publish","type":"page","link":"https:\/\/www.felmis.ch\/de\/elektroladestation-in-horw-bei-luzern\/","title":{"rendered":"Elektroladestation"},"content":{"rendered":"<p>Seit April 2017 verf\u00fcgt das Hotel Felmis in Horw bei Luzern \u00fcber zwei 22kw und eine 11kw Elektroladestation f\u00fcr Elektroautos.<\/p>\n<p>Geniessen Sie ein gem\u00fctliches Abendessen oder eine erholsame Nacht in einem unserer neu renovierten Zimmer, w\u00e4hrend Ihr Tesla oder Elektroauto aufgeladen wird.<\/p>\n<p>Bequemes Laden beim Hotel und Restaurant mit den neuesten Generation unserer Elektroladestation.<br \/>\nWir machen Ihnen das Laden so einfach wie zu Hause. Ankommen und einstecken &#8211; Ihr Fahrzeug l\u00e4dt am Wall Connector, w\u00e4hrend Sie im Restaurant essen oder eine Nacht im Hotel verbringen. Unsere drei Easee Wallboxen sind von der neuesten Generation und stellen ein optimales Laden sicher.<\/p>\n<p>Warum das Hotel Felmis als Ihre Destination f\u00fcr Ihren Tesla ausw\u00e4hen? Ganz einfach. Das Hotel Felmis liegt auf der wundersch\u00f6nen Horwer Halbinsel, in der Gemeinde Horw, mit dem meisten Seeanstoss an den Vierwaldst\u00e4ttersee. L\u00e4ndlich und doch zentral gelegen. <strong>Bei uns laden Sie am sch\u00f6nsten nahe Luzern.<\/strong> Das Hotel Felmis verf\u00fcgt \u00fcber alle Annehmlichkeiten wie <strong>Klimaanlage<\/strong> in den G\u00e4stezimmern, <strong>gratis WLAN<\/strong>, modern renovierte Zimmer, ein Restaurant mit Gartenterrasse und sogar gratis Ausblick auf unseren Hausberg, den Pilatus. Das Zentrum von Luzern ist nur 5 km vom Hotel entfernt und bietet unz\u00e4hlige M\u00f6glichkeiten, sich auch ohne Ihren geliebten Tesla zu am\u00fcsieren und Besichtigungen zu machen. Die Busverbindung vom Hotel Felmis nach Luzern ist optimal f\u00fcr alle Beanspruchungen. Sei es unter der Woche oder auch am Wochenende. Buchen Sie Ihren Parkplatz als Hotelgast voraus und wir werden diesen f\u00fcr Sie reservieren.<\/p>\n<p>Mit diesen Links k\u00f6nnen Sie sich \u00fcber unsere <a href=\"https:\/\/www.felmis.ch\/de\/hotel-with-air-condition\">Einzelzimmer <\/a>und <a href=\"https:\/\/www.felmis.ch\/de\/hotelroom-with-air-conditioning\">Doppelzimmer <\/a>informieren und auch direkt Ihre <a href=\"https:\/\/www.felmis.ch\/de\/anreise\">Anfahrt <\/a>zum Hotel Felmis in Horw bei Luzern planen.<\/p>\n<p><a href=\"https:\/\/www.felmis.ch\/de\/online-booking\">Buchen Sie direkt hier Ihr Zimmer<\/a>. Wir garantieren Ihnen den Besten Preis, wenn Sie direkt \u00fcber unsere hauseigene Website buchen.<\/p>\n<p>Wir freuen und auf Ihren Besuch und freuen uns auf viele teslabegeisterte Kunden und Freunde.<\/p>\n<p>Buchen Sie direkt auf unserer Website f\u00fcr den g\u00fcnstigsten Preis. Garantiert.<\/p>\n<p>&nbsp;<\/p>\n<p>&nbsp;<\/p>\n<p>&nbsp;<\/p>\n<p>&nbsp;<\/p>\n","protected":false},"excerpt":{"rendered":"<p>Seit April 2017 verf\u00fcgt das Hotel Felmis in Horw bei Luzern \u00fcber zwei 22kw und eine 11kw Elektroladestation f\u00fcr Elektroautos. Geniessen Sie [&hellip;]<\/p>\n","protected":false},"author":1,"featured_media":0,"parent":0,"menu_order":0,"comment_status":"closed","ping_status":"closed","template":"","meta":{"footnotes":""},"class_list":["post-1158","page","type-page","status-publish","hentry"],"yoast_head":"<!-- This site is optimized with the Yoast SEO plugin v27.3 - https:\/\/yoast.com\/product\/yoast-seo-wordpress\/ -->\n<title>Elektroladestation - Hotel Felmis Horw bei Luzern \/ Restaurant<\/title>\n<meta name=\"description\" content=\"Elektroladestation im Hotel Felmis in Horw bei Luzern. Drei Ladestationen. Wir laden Ihr Auto in Blitzeseile auf !\" \/>\n<meta name=\"robots\" content=\"index, follow, max-snippet:-1, max-image-preview:large, max-video-preview:-1\" \/>\n<link rel=\"canonical\" href=\"https:\/\/www.felmis.ch\/de\/elektroladestation-in-horw-bei-luzern\/\" \/>\n<meta property=\"og:locale\" content=\"de_DE\" \/>\n<meta property=\"og:type\" content=\"article\" \/>\n<meta property=\"og:title\" content=\"Elektroladestation - Hotel Felmis Horw bei Luzern \/ Restaurant\" \/>\n<meta property=\"og:description\" content=\"Elektroladestation im Hotel Felmis in Horw bei Luzern. Drei Ladestationen. Wir laden Ihr Auto in Blitzeseile auf !\" \/>\n<meta property=\"og:url\" content=\"https:\/\/www.felmis.ch\/de\/elektroladestation-in-horw-bei-luzern\/\" \/>\n<meta property=\"og:site_name\" content=\"Hotel Felmis\" \/>\n<meta property=\"article:publisher\" content=\"http:\/\/www.facebook.com\/hotel.felmis\" \/>\n<meta property=\"article:modified_time\" content=\"2025-09-11T02:46:19+00:00\" \/>\n<meta name=\"twitter:card\" content=\"summary_large_image\" \/>\n<meta name=\"twitter:label1\" content=\"Gesch\u00e4tzte Lesezeit\" \/>\n\t<meta name=\"twitter:data1\" content=\"2\u00a0Minuten\" \/>\n<script type=\"application\/ld+json\" class=\"yoast-schema-graph\">{\"@context\":\"https:\\\/\\\/schema.org\",\"@graph\":[{\"@type\":\"WebPage\",\"@id\":\"https:\\\/\\\/www.felmis.ch\\\/de\\\/elektroladestation-in-horw-bei-luzern\\\/\",\"url\":\"https:\\\/\\\/www.felmis.ch\\\/de\\\/elektroladestation-in-horw-bei-luzern\\\/\",\"name\":\"Elektroladestation - Hotel Felmis Horw bei Luzern \\\/ Restaurant\",\"isPartOf\":{\"@id\":\"https:\\\/\\\/www.felmis.ch\\\/de\\\/#website\"},\"datePublished\":\"2017-04-15T16:42:59+00:00\",\"dateModified\":\"2025-09-11T02:46:19+00:00\",\"description\":\"Elektroladestation im Hotel Felmis in Horw bei Luzern. Drei Ladestationen. Wir laden Ihr Auto in Blitzeseile auf !\",\"breadcrumb\":{\"@id\":\"https:\\\/\\\/www.felmis.ch\\\/de\\\/elektroladestation-in-horw-bei-luzern\\\/#breadcrumb\"},\"inLanguage\":\"de\",\"potentialAction\":[{\"@type\":\"ReadAction\",\"target\":[\"https:\\\/\\\/www.felmis.ch\\\/de\\\/elektroladestation-in-horw-bei-luzern\\\/\"]}]},{\"@type\":\"BreadcrumbList\",\"@id\":\"https:\\\/\\\/www.felmis.ch\\\/de\\\/elektroladestation-in-horw-bei-luzern\\\/#breadcrumb\",\"itemListElement\":[{\"@type\":\"ListItem\",\"position\":1,\"name\":\"Home\",\"item\":\"https:\\\/\\\/www.felmis.ch\\\/de\\\/\"},{\"@type\":\"ListItem\",\"position\":2,\"name\":\"Elektroladestation\"}]},{\"@type\":\"WebSite\",\"@id\":\"https:\\\/\\\/www.felmis.ch\\\/de\\\/#website\",\"url\":\"https:\\\/\\\/www.felmis.ch\\\/de\\\/\",\"name\":\"Hotel Felmis\",\"description\":\"Willkommen im Hotel Felmis\",\"potentialAction\":[{\"@type\":\"SearchAction\",\"target\":{\"@type\":\"EntryPoint\",\"urlTemplate\":\"https:\\\/\\\/www.felmis.ch\\\/de\\\/?s={search_term_string}\"},\"query-input\":{\"@type\":\"PropertyValueSpecification\",\"valueRequired\":true,\"valueName\":\"search_term_string\"}}],\"inLanguage\":\"de\"}]}<\/script>\n<!-- \/ Yoast SEO plugin. -->","yoast_head_json":{"title":"Elektroladestation - Hotel Felmis Horw bei Luzern \/ Restaurant","description":"Elektroladestation im Hotel Felmis in Horw bei Luzern. Drei Ladestationen. Wir laden Ihr Auto in Blitzeseile auf !","robots":{"index":"index","follow":"follow","max-snippet":"max-snippet:-1","max-image-preview":"max-image-preview:large","max-video-preview":"max-video-preview:-1"},"canonical":"https:\/\/www.felmis.ch\/de\/elektroladestation-in-horw-bei-luzern\/","og_locale":"de_DE","og_type":"article","og_title":"Elektroladestation - Hotel Felmis Horw bei Luzern \/ Restaurant","og_description":"Elektroladestation im Hotel Felmis in Horw bei Luzern. Drei Ladestationen. Wir laden Ihr Auto in Blitzeseile auf !","og_url":"https:\/\/www.felmis.ch\/de\/elektroladestation-in-horw-bei-luzern\/","og_site_name":"Hotel Felmis","article_publisher":"http:\/\/www.facebook.com\/hotel.felmis","article_modified_time":"2025-09-11T02:46:19+00:00","twitter_card":"summary_large_image","twitter_misc":{"Gesch\u00e4tzte Lesezeit":"2\u00a0Minuten"},"schema":{"@context":"https:\/\/schema.org","@graph":[{"@type":"WebPage","@id":"https:\/\/www.felmis.ch\/de\/elektroladestation-in-horw-bei-luzern\/","url":"https:\/\/www.felmis.ch\/de\/elektroladestation-in-horw-bei-luzern\/","name":"Elektroladestation - Hotel Felmis Horw bei Luzern \/ Restaurant","isPartOf":{"@id":"https:\/\/www.felmis.ch\/de\/#website"},"datePublished":"2017-04-15T16:42:59+00:00","dateModified":"2025-09-11T02:46:19+00:00","description":"Elektroladestation im Hotel Felmis in Horw bei Luzern. Drei Ladestationen. Wir laden Ihr Auto in Blitzeseile auf !","breadcrumb":{"@id":"https:\/\/www.felmis.ch\/de\/elektroladestation-in-horw-bei-luzern\/#breadcrumb"},"inLanguage":"de","potentialAction":[{"@type":"ReadAction","target":["https:\/\/www.felmis.ch\/de\/elektroladestation-in-horw-bei-luzern\/"]}]},{"@type":"BreadcrumbList","@id":"https:\/\/www.felmis.ch\/de\/elektroladestation-in-horw-bei-luzern\/#breadcrumb","itemListElement":[{"@type":"ListItem","position":1,"name":"Home","item":"https:\/\/www.felmis.ch\/de\/"},{"@type":"ListItem","position":2,"name":"Elektroladestation"}]},{"@type":"WebSite","@id":"https:\/\/www.felmis.ch\/de\/#website","url":"https:\/\/www.felmis.ch\/de\/","name":"Hotel Felmis","description":"Willkommen im Hotel Felmis","potentialAction":[{"@type":"SearchAction","target":{"@type":"EntryPoint","urlTemplate":"https:\/\/www.felmis.ch\/de\/?s={search_term_string}"},"query-input":{"@type":"PropertyValueSpecification","valueRequired":true,"valueName":"search_term_string"}}],"inLanguage":"de"}]}},"_links":{"self":[{"href":"https:\/\/www.felmis.ch\/de\/wp-json\/wp\/v2\/pages\/1158","targetHints":{"allow":["GET"]}}],"collection":[{"href":"https:\/\/www.felmis.ch\/de\/wp-json\/wp\/v2\/pages"}],"about":[{"href":"https:\/\/www.felmis.ch\/de\/wp-json\/wp\/v2\/types\/page"}],"author":[{"embeddable":true,"href":"https:\/\/www.felmis.ch\/de\/wp-json\/wp\/v2\/users\/1"}],"replies":[{"embeddable":true,"href":"https:\/\/www.felmis.ch\/de\/wp-json\/wp\/v2\/comments?post=1158"}],"version-history":[{"count":3,"href":"https:\/\/www.felmis.ch\/de\/wp-json\/wp\/v2\/pages\/1158\/revisions"}],"predecessor-version":[{"id":3005,"href":"https:\/\/www.felmis.ch\/de\/wp-json\/wp\/v2\/pages\/1158\/revisions\/3005"}],"wp:attachment":[{"href":"https:\/\/www.felmis.ch\/de\/wp-json\/wp\/v2\/media?parent=1158"}],"curies":[{"name":"wp","href":"https:\/\/api.w.org\/{rel}","templated":true}]}}

<p>Seit April 2017 verfügt das Hotel Felmis in Horw bei Luzern über zwei 22kw und eine 11kw Elektroladestation für Elektroautos.</p>
<p>Geniessen Sie ein gemütliches Abendessen oder eine erholsame Nacht in einem unserer neu renovierten Zimmer, während Ihr Tesla oder Elektroauto aufgeladen wird.</p>
<p>Bequemes Laden beim Hotel und Restaurant mit den neuesten Generation unserer Elektroladestation.<br />
Wir machen Ihnen das Laden so einfach wie zu Hause. Ankommen und einstecken &#8211; Ihr Fahrzeug lädt am Wall Connector, während Sie im Restaurant essen oder eine Nacht im Hotel verbringen. Unsere drei Easee Wallboxen sind von der neuesten Generation und stellen ein optimales Laden sicher.</p>
<p>Warum das Hotel Felmis als Ihre Destination für Ihren Tesla auswähen? Ganz einfach. Das Hotel Felmis liegt auf der wunderschönen Horwer Halbinsel, in der Gemeinde Horw, mit dem meisten Seeanstoss an den Vierwaldstättersee. Ländlich und doch zentral gelegen. <strong>Bei uns laden Sie am schönsten nahe Luzern.</strong> Das Hotel Felmis verfügt über alle Annehmlichkeiten wie <strong>Klimaanlage</strong> in den Gästezimmern, <strong>gratis WLAN</strong>, modern renovierte Zimmer, ein Restaurant mit Gartenterrasse und sogar gratis Ausblick auf unseren Hausberg, den Pilatus. Das Zentrum von Luzern ist nur 5 km vom Hotel entfernt und bietet unzählige Möglichkeiten, sich auch ohne Ihren geliebten Tesla zu amüsieren und Besichtigungen zu machen. Die Busverbindung vom Hotel Felmis nach Luzern ist optimal für alle Beanspruchungen. Sei es unter der Woche oder auch am Wochenende. Buchen Sie Ihren Parkplatz als Hotelgast voraus und wir werden diesen für Sie reservieren.</p>
<p>Mit diesen Links können Sie sich über unsere <a href="https://www.felmis.ch/de/hotel-with-air-condition">Einzelzimmer </a>und <a href="https://www.felmis.ch/de/hotelroom-with-air-conditioning">Doppelzimmer </a>informieren und auch direkt Ihre <a href="https://www.felmis.ch/de/anreise">Anfahrt </a>zum Hotel Felmis in Horw bei Luzern planen.</p>
<p><a href="https://www.felmis.ch/de/online-booking">Buchen Sie direkt hier Ihr Zimmer</a>. Wir garantieren Ihnen den Besten Preis, wenn Sie direkt über unsere hauseigene Website buchen.</p>
<p>Wir freuen und auf Ihren Besuch und freuen uns auf viele teslabegeisterte Kunden und Freunde.</p>
<p>Buchen Sie direkt auf unserer Website für den günstigsten Preis. Garantiert.</p>
<p>&nbsp;</p>
<p>&nbsp;</p>
<p>&nbsp;</p>
<p>&nbsp;</p>

<p>Seit April 2017 verfügt das Hotel Felmis in Horw bei Luzern über zwei 22kw und eine 11kw Elektroladestation für Elektroautos. Geniessen Sie [&hellip;]</p>

<!-- This site is optimized with the Yoast SEO plugin v27.3 - https://yoast.com/product/yoast-seo-wordpress/ -->
<title>Elektroladestation - Hotel Felmis Horw bei Luzern / Restaurant</title>
<meta name="description" content="Elektroladestation im Hotel Felmis in Horw bei Luzern. Drei Ladestationen. Wir laden Ihr Auto in Blitzeseile auf !" />
<meta name="robots" content="index, follow, max-snippet:-1, max-image-preview:large, max-video-preview:-1" />
<link rel="canonical" href="https://www.felmis.ch/de/elektroladestation-in-horw-bei-luzern/" />
<meta property="og:locale" content="de_DE" />
<meta property="og:type" content="article" />
<meta property="og:title" content="Elektroladestation - Hotel Felmis Horw bei Luzern / Restaurant" />
<meta property="og:description" content="Elektroladestation im Hotel Felmis in Horw bei Luzern. Drei Ladestationen. Wir laden Ihr Auto in Blitzeseile auf !" />
<meta property="og:url" content="https://www.felmis.ch/de/elektroladestation-in-horw-bei-luzern/" />
<meta property="og:site_name" content="Hotel Felmis" />
<meta property="article:publisher" content="http://www.facebook.com/hotel.felmis" />
<meta property="article:modified_time" content="2025-09-11T02:46:19+00:00" />
<meta name="twitter:card" content="summary_large_image" />
<meta name="twitter:label1" content="Geschätzte Lesezeit" />
	<meta name="twitter:data1" content="2 Minuten" />
<script type="application/ld+json" class="yoast-schema-graph">{"@context":"https:\/\/schema.org","@graph":[{"@type":"WebPage","@id":"https:\/\/www.felmis.ch\/de\/elektroladestation-in-horw-bei-luzern\/","url":"https:\/\/www.felmis.ch\/de\/elektroladestation-in-horw-bei-luzern\/","name":"Elektroladestation - Hotel Felmis Horw bei Luzern \/ Restaurant","isPartOf":{"@id":"https:\/\/www.felmis.ch\/de\/#website"},"datePublished":"2017-04-15T16:42:59+00:00","dateModified":"2025-09-11T02:46:19+00:00","description":"Elektroladestation im Hotel Felmis in Horw bei Luzern. Drei Ladestationen. Wir laden Ihr Auto in Blitzeseile auf !","breadcrumb":{"@id":"https:\/\/www.felmis.ch\/de\/elektroladestation-in-horw-bei-luzern\/#breadcrumb"},"inLanguage":"de","potentialAction":[{"@type":"ReadAction","target":["https:\/\/www.felmis.ch\/de\/elektroladestation-in-horw-bei-luzern\/"]}]},{"@type":"BreadcrumbList","@id":"https:\/\/www.felmis.ch\/de\/elektroladestation-in-horw-bei-luzern\/#breadcrumb","itemListElement":[{"@type":"ListItem","position":1,"name":"Home","item":"https:\/\/www.felmis.ch\/de\/"},{"@type":"ListItem","position":2,"name":"Elektroladestation"}]},{"@type":"WebSite","@id":"https:\/\/www.felmis.ch\/de\/#website","url":"https:\/\/www.felmis.ch\/de\/","name":"Hotel Felmis","description":"Willkommen im Hotel Felmis","potentialAction":[{"@type":"SearchAction","target":{"@type":"EntryPoint","urlTemplate":"https:\/\/www.felmis.ch\/de\/?s={search_term_string}"},"query-input":{"@type":"PropertyValueSpecification","valueRequired":true,"valueName":"search_term_string"}}],"inLanguage":"de"}]}</script>
<!-- / Yoast SEO plugin. -->
